e 3*(-8)/(-6) + 120/12. Suppose 6 = 4*s - z. Calculate f(s).
12
Let s = -8 - -15. Let f(h) = -246*h + 3*h**2 - s - 2*h**2 + 249*h. Suppose 0*m - m = -5*q - 15, 3*q = -2*m - 22. Determine f(m).
3
Let k(f) = f. Suppose 4*b = c + 35, -47 = -5*b + 5*c - 7*c. Suppose -b*l = -26*l - 17. Determine k(l).
-1
Let i(t) = -57*t - 65*t + 6 + 121*t - 1 - 6*t**2 - t**3. Calculate i(-5).
-15
Let m(k) = -1210 - 6*k + 1237 - k + 6*k. Determine m(20).
7
Suppose -9 = -0*v - 3*v. Suppose -o = v*n + 2*o - 117, -3*n - o = -127. Let t = 49 - n. Let i(j) = 2*j + 7. Give i(t).
17
Suppose 7*t + 41 = 27. Let m(q) = -q**3 - 5*q**2 + q + 2. Let a(d) = 2*d**3 + 9*d**2 - d - 3. Let f(s) = 3*a(s) + 5*m(s). What is f(t)?
-3
Suppose 3*t - 6*t = 4*g - 14, 3*t + g - 8 = 0. Suppose -y + a = -1, 7*y - t*y + a + 7 = 0. Let b(f) = f - 4. What is b(y)?
-5
Let a(t) = t**2 - 14*t + 35. Suppose -5*b - 4*i + 35 = 0, 2*b + 0*b = -2*i + 12. Let v be a(b). Let f(x) = 8*x**v - 18 - 2*x**2 - 5*x**2 - x**3. Calculate f(0).
-18
Suppose -3*w + 4*t + 34 = 0, 4*w + t - 42 = 3*t. Let x(s) = -2*s**2 + 20*s + 2. Calculate x(w).
2
Let x(z) = z**3 - z**2 - z. Let w(v) = 4*v**3 - 7*v + 11. Let c(q) = -w(q) + 5*x(q). Suppose -26*k = -5*k - 105. Determine c(k).
-1
Let h = 53 + 24. Suppose -16 = h*l - 81*l. Let z(b) = -2*b**2 + 8*b - 5. Determine z(l).
-5
Let s(b) = -b**2 + 7*b - 1. Suppose 0 = 3*u + 128 - 155. Suppose u*h = -18*h + 162. Calculate s(h).
5
Let i(a) = -4*a**3 - a**2 + 5*a - 3. Let l(b) = -b**2 + 35*b - 172. Let f be l(29). What is i(f)?
-29
Let p = -31 - -21. Let y = p + -8. Let i be (6/9)/((3/y)/1). Let f(t) = t**3 + 5*t**2 + 2*t + 4. Give f(i).
12
Suppose 125*c - 611 = -770 + 2909. Let b(q) be the first derivative of c + 9*q + 1/2*q**2. What is b(-7)?
2
Let l(k) = -k**2 + 7. Suppose -32*o - 3 = -33*o. Suppose 2*i - 5*f = -10, 3*i - o*f + 4 + 2 = 0. Suppose i = m + 2*m. Give l(m).
7
Suppose 4*t - 35 = -3*f, -5*t + 0 = -25. Let r(l) = -l**2 + 5*l - 1. Let h be r(f). Let w(k) be the first derivative of -3*k**4/2 - 2724. Give w(h).
6
Let j(b) be the third derivative of -b - 1/8*b**4 + 8*b**2 + 0*b**3 + 0. Calculate j(-2).
6
Let w(p) be the third derivative of 5*p**4/24 + 167*p**3/6 - 3*p**2 + p + 127. Give w(-32).
7
Suppose 0 = -y + 13. Suppose y = 4*f + 3*u - 2, 5*u + 21 = f. Let t(q) = -5 + 9 + q**3 - 5*q**2 + 4*q - 10*q. Calculate t(f).
4
Let p(j) be the second derivative of -12*j**3 - 425*j**2/2 + 4969*j. What is p(-6)?
7
Suppose 3*b + v = -632, -5*b - 1096 = -4*v - 20. Let d = 221 + b. Let i(l) = -l + 8. Determine i(d).
-1
Let u be (1/(-2))/(1/(-26)). Let w(b) = -4*b**3 + u*b**3 + 0*b**2 + b**2 + 6*b**3. Let p be 5/(-15)*(-87)/(-29). Give w(p).
-14
Suppose 3125*w - 30 = 3135*w. Let q(l) = -6*l + 7. What is q(w)?
25
Let c(s) be the first derivative of s**2/2 + 3*s - 2823. Let b(f) = -f**2 - 7*f + 9. Let h be b(-7). What is c(h)?
12
Let d(b) be the second derivative of -19*b**3/6 + 205*b**2/2 + 131*b - 2. Determine d(11).
-4
Let d(u) = u**3 + 3*u**2 + 2*u + 23. Suppose -41*c - 54*c = 0. Give d(c).
23
Let a(g) be the second derivative of g**3/3 + g**2/2 + 461*g. Let k = 14 - 19. Calculate a(k).
-9
Let x(c) = -2*c**3 - 3*c**2 - 3*c + 15. Let a be x(2). Let f(w) = w**3 + 18*w**2 - 20*w - 3. Calculate f(a).
16
Suppose 5 = -4*q - 3*u, -5*u + 5 = q + 3*q. Suppose d + 52 = 3*d + o, -3*d + 73 = -o. Let s(c) = -30*c**3 - 6*c**2 + 54*c**3 - 6*c - d*c**3 - 1. Calculate s(q).
4
Let b be ((-1 - -2) + -4 - -56)*-3. Let q = b - -157. Let a(r) = 3 - 6 - r + 0*r. Give a(q).
-1
Suppose 2*s + 5*m + 1307 = 0, 72*m - 69*m = s + 637. Let q = 649 + s. Let k(y) = -4*y - 3. Determine k(q).
-15
Let j(x) = x + 1 - x - 2*x. Suppose 26*m = 24*m + 6. Suppose -3*a - y = -m*y - 3, -4*a + 5*y = -4. Calculate j(a).
-1
Suppose 6*u = 2*u + 8. Let q(z) = -18 + 8 + 12*z + 13 - 5*z - 8*z. Determine q(u).
1
Suppose -3*a - 75 = -0*a + g, 2*g = -a - 30. Let m be 4/(-2) + (-18 - a). Suppose -2*z + 6 = -5*f, 2*f - 14 = 5*z + m*f. Let l(k) = 2*k**2 + 3*k + 1. Give l(z).
3
Suppose 0 = -45*v + 50*v - 25. Suppose v*l - 13 = -28. Let d(q) = q + 4. Calculate d(l).
1
Let d(f) be the first derivative of f**3/3 - 7*f**2 + 9*f + 633. What is d(13)?
-4
Let w be (-1)/((15/(-10))/(969/(-34))). Let n(s) = -2*s**2 - 41*s - 61. Determine n(w).
-4
Let c(d) be the third derivative of -3*d**4/8 - 125*d**3/3 - 2*d**2 + d + 846. What is c(-28)?
2
Let j be 2/(-12) + (-253)/138. Let m(r) = -r**2 - r - 1. Let g(k) = -4*k**2 - 2*k - 4. Let h(p) = -g(p) + 5*m(p). Give h(j).
1
Let x = -46 - -44. Let m(o) be the third derivative of o**5/60 - 2*o**3/3 - 9*o**2. Let k(h) be the first derivative of m(h). What is k(x)?
-4
Let q(d) = 26*d**2 + 6*d - 86. Let f(l) = 3*l**2 + l - 10. Let o(i) = -17*f(i) + 2*q(i). Let v = 12 - 7. What is o(v)?
-2
Let m(g) = 19*g**2 - 26*g + 44. Let o(d) = 35*d**2 - 50*d + 87. Let b(j) = -11*m(j) + 6*o(j). Calculate b(5).
-7
Let z(r) = -r**2 - 16*r - 41. Let g = -13266 + 13260. Calculate z(g).
19
Let r(t) = -t**2 + 4*t - 1. Let a(v) = -v**3 - 29*v**2 - 80*v - 47. Let q(m) = m - 40. Let h be q(14). Let d be a(h). Give r(d).
-6
Let v(h) be the second derivative of 7*h**3/2 + 3*h**2/2 - 3208*h. Determine v(-3).
-60
Suppose 0 = 5*h - 2*a - 2*a + 22, 38 = -5*h - 4*a. Let l(g) = -9*g + 326058 + 2*g - 652111 + 326047. Calculate l(h).
36
Let m(d) = -d**2 - 11*d + 7. Suppose -11*k + 109 = 15*k + 395. Calculate m(k).
7
Let l(y) = 29*y - 209. Let d be (31/(310/(-15)))/(3*2)*-28. Give l(d).
-6
Let w(n) be the first derivative of n**5/20 - 2*n**4/3 - n**3/2 + 5*n**2 - 41*n + 93. Let f(h) be the first derivative of w(h). What is f(8)?
-14
Suppose -27*g - 125 = -52*g. Suppose -4*k - 3*t + 23 = -g*k, 4 = t. Let h(n) = -n**2 - 12*n - 7. Determine h(k).
4
Let y(t) be the second derivative of -t**5/20 + 7*t**4/12 - 3*t**3/2 + 21*t**2/2 - 89*t + 6. What is y(6)?
3
Let g(h) = 22 + 8*h + 13 - 6 - 61 + 13. Give g(5).
21
Suppose 18 = -3*u - 3*q + 4*q, -2*u + 3*q = 12. Let j be 4/6 + 70/21. Let i(y) = -y - 8 - y**2 + 0*y - j*y. Calculate i(u).
-14
Let t(f) be the third derivative of -f**5/60 - 13*f**4/12 + 119*f**3/6 + 3*f**2 - 368. Give t(-30).
-1
Let x(i) = i**2 + 4*i - 1. Let c = 107 + -97. Suppose -y + 2*y - c = -5*b, -35 = -5*b + 4*y. Suppose -5*t - 5*q = 30, -t + b*q = 3*t + 17. Determine x(t).
4
Let s(j) = -j**3 + 18*j**2 + 18*j - 24. Suppose -6*o - 31*p = -27*p - 82, 5*p + 40 = 0. Calculate s(o).
-43
Let n(u) = u**2 - 17*u + 32*u - 23*u + 3. Let k be n(-7). Let p(m) = 6*m - m**2 + 2*m**2 - k + 124 + 6*m. Determine p(-11).
5
Let w be (-50)/225 + 22/18. Let s(y) = w + 8571*y - 2 - 8543*y. What is s(1)?
27
Let w(j) = -j**3 + 17*j**2 + 19*j + 3. Suppose 70*t + 492 = 935 + 817. What is w(t)?
21
Let z(a) = 2*a**2 - 157*a + 3042. Let h be z(43). Let r(s) = 2*s**2 + 19*s + 13. Calculate r(h).
46
Suppose 0 = -26*r - 1162 + 3164. Let n(k) = 2 + 73*k + 0 - r*k. What is n(2)?
-6
Let d = -7 + 12. Let c(o) = 3*o**2 + 24*o + 1. Let v be c(-8). Let w(r) = v - 12*r + 8*r + 8*r - r**2. Give w(d).
-4
Let f(r) = r**2 - 6*r + 8. Let m be -2 - (-13 + (4 - 0)). Give f(m).
15
Let b(l) = 4*l + 39. Let q(s) = 3*s**2 - 25*s + 18. Let d be q(7). Calculate b(d).
-1
Let p(c) be the second derivative of -c**5/20 - 17*c**4/12 + 17*c**3/6 + 23*c**2/2 + 885*c. Determine p(-18).
41
Let k(g) = -g**2 + 280. Let a be k(0). Suppose 1096 = 4*c + 4*n, -c - n + a = 3*n. Let y(p) = -267*p**2 - 1 - p**3 - 4*p + c*p**2 + 6*p. Give y(5).
9
Let b(x) = x**2 + 12*x + 16. Let f be b(-9). Let l(u) = 106*u**2 + 16*u - 17. Let y(i) = 21*i**2 + 3*i - 3. Let z(r) = f*y(r) + 2*l(r). What is z(-1)?
-19
Suppose -3 = -3*w - 3*o, -18 = -4*w - 2*o - 4. Let h be 9 - (w + -4 + 3). Let v(n) = -n**3 + 3*n**2 + 3*n + 4. Calculate v(h).
0
Let g(t) be the first derivative of -1/3*t**3 - 2 - 4*t**2 + 5*t. Let x be -6 + (-26 - -53) + -25. Determine g(x).
21
Suppose -3*j + 4*c = 2*j - 51, 3*c = 3. Let k(n) = 69*n**2 + 32*n + 5. Let w(p) = 14*p**2 + 6*p + 1. Let u(s) = j*w(s) - 2*k(s). What is u(-1)?
15
Let l be 5/(25/(-12))*25/(-10). Let v(q) = -2*q**2 + 25 - l*q + 7*q - 22 + 3*q**2. Calculate v(0).
3
Suppose -82*r + 939 + 87 = 32*r. Let n(f) = -2*f**2 + 12*f - 10. Give n(r).
-64
Let c(y) = y**2 - 2*y - 1. Suppose 4*l + 30 = 7*l. Let g(v) = -v + 22. Let i be g(l). Suppose -4*q + i*q - 16 = 0. What is c(q)?
-1
Suppose -1